109
What is the remainder when 33154 is divided by 16418?
318
Calculate the remainder when 1249353 is divided by 49.
0
What is the remainder when 1224545 is divided by 72032?
1
Calculate the remainder when 2344490 is divided by 121.
115
Calculate the remainder when 194795 is divided by 10788.
611
Calculate the remainder when 40932400 is divided by 3859.
3846
Calculate the remainder when 2980 is divided by 104.
68
What is the remainder when 2742317 is divided by 619?
147
What is the remainder when 3266135 is divided by 3171?
5
What is the remainder when 64737 is divided by 4037?
145
Calculate the remainder when 102999724 is divided by 2694.
22
Calculate the remainder when 45151027 is divided by 231.
229
Calculate the remainder when 55342 is divided by 7782.
868
Calculate the remainder when 499159 is divided by 166325.
184
Calculate the remainder when 64572 is divided by 32237.
98
Calculate the remainder when 196895 is divided by 192.
95
What is the remainder when 96549 is divided by 48238?
73
What is the remainder when 61097375 is divided by 48?
47
What is the remainder when 28652611 is divided by 283?
276
What is the remainder when 8992494 is divided by 1124054?
62
Calculate the remainder when 6250142 is divided by 113637.
107
What is the remainder when 134430 is divided by 711?
51
What is the remainder when 20673425 is divided by 6891126?
47
What is the remainder when 41867 is divided by 362?
237
What is the remainder when 863596 is divided by 252?
244
What is the remainder when 741592 is divided by 981?
937
What is the remainder when 2369483 is divided by 175?
158
What is the remainder when 136127 is divided by 943?
335
What is the remainder when 15459113 is divided by 774?
11
Calculate the remainder when 8904004 is divided by 370984.
388
Calculate the remainder when 62549 is divided by 613.
23
Calculate the remainder when 1325694 is divided by 21032.
678
What is the remainder when 299942 is divided by 534?
368
What is the remainder when 1465286 is divided by 146456?
726
What is the remainder when 4346734 is divided by 259?
196
Calculate the remainder when 1381103 is divided by 597.
242
Calculate the remainder when 1323731 is divided by 147081.
2
Calculate the remainder when 273356 is divided by 136385.
586
Calculate the remainder when 20692148 is divided by 1966.
1964
What is the remainder when 18546520 is divided by 105980?
20
What is the remainder when 6228799 is divided by 850?
849
Calculate the remainder when 37529 is divided by 10876.
4901
Calculate the remainder when 559593 is divided by 1020.
633
Calculate the remainder when 120909 is divided by 2070.
849
What is the remainder when 2982292 is divided by 222?
166
What is the remainder when 98243261 is divided by 476909?
7
What is the remainder when 7107838 is divided by 256?
254
What is the remainder when 791488 is divided by 3751?
27
What is the remainder when 62830 is divided by 282?
226
Calculate the remainder when 420768 is divided by 617.
591
Calculate the remainder when 322210 is divided by 4124.
538
What is the remainder when 34836 is divided by 94?
56
What is the remainder when 1002310 is divided by 180?
70
Calculate the remainder when 1752794 is divided by 1752756.
38
Calculate the remainder when 57236 is divided by 1260.
536
Calculate the remainder when 409846 is divided by 1188.
1174
What is the remainder when 299674088 is divided by 12?
8
What is the remainder when 46880760 is divided by 233?
228
What is the remainder when 2175365 is divided by 24?
5
What is the remainder when 14994673 is divided by 1363151?
12
What is the remainder when 139996 is divided by 23316?
100
Calculate the remainder when 8835650 is divided by 13.
5
Calculate the remainder when 5963500 is divided by 17038.
200
What is the remainder when 2867204 is divided by 3288?
68
Calculate the remainder when 751736 is divided by 209.
172
What is the remainder when 3129954 is divided by 3129831?
123
Calculate the remainder when 6757023 is divided by 146.
143
What is the remainder when 7009770 is divided by 44?
42
What is the remainder when 1613698 is divided by 1623?
436
Calculate the remainder when 13401969 is divided by 20714.
11
Calculate the remainder when 86842930 is divided by 707.
706
What is the remainder when 14900 is divided by 4831?
407
Calculate the remainder when 902997 is divided by 21.
18
What is the remainder when 38836 is divided by 2009?
665
Calculate the remainder when 358508 is divided by 2.
0
Calculate the remainder when 36672791 is divided by 17.
0
What is the remainder when 63942678 is divided by 1990?
1988
What is the remainder when 84855 is divided by 42151?
553
What is the remainder when 5191043 is divided by 41?
33
What is the remainder when 4422 is divided by 3394?
1028
What is the remainder when 18865497 is divided by 262?
187
Calculate the remainder when 1816608 is divided by 269.
51
Calculate the remainder when 200468801 is divided by 167.
164
What is the remainder when 104314 is divided by 104115?
199
Calculate the remainder when 2104365 is divided by 142.
67
What is the remainder when 13507852 is divided by 3376937?
104
Calculate the remainder when 46652 is divided by 5182.
14
Calculate the remainder when 211910 is divided by 2281.
2058
Calculate the remainder when 44726 is divided by 4467.
56
What is the remainder when 24145380 is divided by 464334?
12
What is the remainder when 1273038 is divided by 149?
131
Calculate the remainder when 299675 is divided by 93.
29
What is the remainder when 36133 is divided by 8717?
1265
Calculate the remainder when 2799876 is divided by 18181.
2
What is the remainder when 4585582 is divided by 4509?
4438
What is the remainder when 14355872 is divided by 63?
62
What is the remainder when 321265 is divided by 104262?
8479
Calculate the remainder when 1723504 is divided by 35.
34
Calculate the remainder when 957110 is divided by 239257.
82
What is the remainder when 82520839 is divided by 3698?
3667
What is the remainder when 1398280 is divided by 15536?
40
Calculate the remainder when 41976940 is divided by 13992280.
100
What is the remainder when 5908175 is divided by 65645?
125
Calculate the remainder when 15766496 is divided by 300.
296
What is the remainder when 10042654 is divided by 255?
244
Calculate the remainder when 678919 is divided by 226301.
16
What is the remainder when 4193519 is divided by 133?
29
What is the remainder when 207887359 is divided by 9728?
9727
Calculate the remainder when 209834 is divided by 315.
44
What is the remainder when 3838 is divided by 2971?
867
What is the remainder when 502330548 is divided by 9834?
9828
Calculate the remainder when 8022941 is divided by 409.
406
What is the remainder when 122110 is divided by 58802?
4506
What is the remainder when 1647174 is divided by 194?
114
Calculate the remainder when 3663793 is divided by 34.
21
What is the remainder when 642750 is divided by 512?
190
Calculate the remainder when 703655 is divided by 10.
5
Calculate the remainder when 14431103 is divided by 149.
6
Calculate the remainder when 6218670 is divided by 11.
7
Calculate the remainder when 13226716 is divided by 416.
412
What is the remainder when 6313217 is divided by 1318?
1315
Calculate the remainder when 5725448 is divided by 1147.
771
Calculate the remainder when 2633087 is divided by 877687.
26
What is the remainder when 17768498 is divided by 335?
98
What is the remainder when 170378436 is divided by 21?
18
What is the remainder when 9677 is divided by 2605?
1862
Calculate the remainder when 5581721 is divided by 676.
665
What is the remainder when 24736470 is divided by 2762?
2760
Calculate the remainder when 26140147 is divided by 160369.
0
What is the remainder when 105113 is divided by 1051?
13
What is the remainder when 600555 is divided by 16650?
1155
What is the remainder when 154078 is divided by 76814?
450
What is the remainder when 49264 is divided by 348?
196
Calculate the remainder when 19954783 is divided by 552.
535
What is the remainder when 10316421 is divided by 171937?
201
Calculate the remainder when 4268951 is divided by 2134418.
115
Calculate the remainder when 100114 is divided by 625.
114
What is the remainder when 51724 is divided by 6771?
4327
Calculate the remainder